-3
Let d(i) = -i**3 + 8*i**2 + i + 2. Give d(8).
10
Let y(h) = 2*h**3 + 2*h**2 - 3*h - 3. Determine y(-2).
-5
Let a(x) = -9*x**2 + x - 5. Calculate a(3).
-83
Let g(a) = -a**2 - 24*a - 56. What is g(-16)?
72
Let f(y) = y - 12. What is f(8)?
-4
Let g(q) = q**2 - 10*q - 9. Give g(10).
-9
Let q(y) = 4*y**2 - 14*y + 19. What is q(2)?
7
Let g(r) = 7*r**3 + 63*r**2 - 3*r - 22. Give g(-9).
5
Let m(b) = 4*b + 22. Determine m(-4).
6
Let c(p) = p**2 + p + 3. Give c(-2).
5
Let b(q) = q**2 + 6*q + 2. What is b(-3)?
-7
Let h(q) = 3*q + 19. Determine h(-13).
-20
Let a(r) = 2*r**2 + 79*r - 27. Determine a(-40).
13
Let c(s) = -s**3 - 14*s**2 - 26*s - 30. What is c(-12)?
-6
Let d(k) = -13*k**3 + 4*k - 3. Determine d(1).
-12
Let d(x) = -13*x - 2. Calculate d(-1).
11
Let a(s) = 8*s**2 - 13*s + 6. Determine a(2).
12
Let j(k) = -k**3 - 6*k**2 - k + 4. Give j(-6).
10
Let j(o) = -o**3 + 15*o**2 + 6*o - 97. Determine j(15).
-7
Let u(t) = -t**3 - 4*t**2 - 20. Determine u(-6).
52
Let k(i) = -i - 10. What is k(4)?
-14
Let o(m) = 5*m**2 + 48*m + 107. Determine o(-6).
-1
Let h(f) = -f**2 + 18*f - 21. Calculate h(16).
11
Let b(y) = -3*y**3 - 2*y**2 - 3*y - 3. What is b(-2)?
19
Let p(t) = t**3 + 10*t**2 + 9*t + 18. Calculate p(-9).
18
Let o(s) = s**3 - 23*s**2 + 21*s + 24. What is o(22)?
2
Let u(o) = o**3 + 10*o**2 + 14*o + 51. What is u(-9)?
6
Let s(t) = -t**3 - 12*t**2 - 7*t + 32. What is s(-11)?
-12
Let m(d) = d**3 + 12*d**2 - 15*d - 18. Give m(-13).
8
Let w(z) = -10*z + 2. Determine w(-3).
32
Let n(m) = m**3 + 5*m**2 - 9*m - 12. What is n(-6)?
6
Let h(g) = -5*g + 190. What is h(38)?
0
Let x(l) = 35*l**2 + l. What is x(-1)?
34
Let q(x) = 24*x + 4. Calculate q(-2).
-44
Let m(c) = -c**3 + 14*c**2 - 10*c - 16. What is m(14)?
-156
Let d(o) = -o**3 + 9*o**2 + 6*o - 10. Calculate d(9).
44
Let u(j) = -j**3 + 64*j**2 - 183*j - 4. Give u(61).
-4
Let n(k) = -k**3 + 16*k**2 - 6*k + 92. Give n(16).
-4
Let l(q) = q**3 + 6*q**2 + 5*q + 4. What is l(-6)?
-26
Let d(s) = -3*s**3 - 2*s**2 + s. Give d(1).
-4
Let y(o) = -o - 4. Give y(-4).
0
Let q(k) = k + 2. What is q(11)?
13
Let j(l) = -6*l**2 - 1. What is j(-1)?
-7
Let t(q) = -q**3 - 12*q**2 - 6*q - 8. Give t(-11).
-63
Let k(o) = -18*o + 30. Give k(-6).
138
Let k(y) = -y**3 - 3*y**2 - 3*y + 4. Give k(-3).
13
Let h(m) = -m**2 + 19*m + 29. Calculate h(21).
-13
Let u(b) = -b**2 - 2*b + 15. Calculate u(-6).
-9
Let v(b) = b**2 - 2*b - 2. What is v(5)?
13
Let b(m) = -17*m + 94. Determine b(5).
9
Let k(j) = j**2 + 10*j + 6. What is k(-10)?
6
Let k(b) = -b**2 - 4*b + 1. Calculate k(-6).
-11
Let f(c) = c**2 + 8*c + 8. What is f(-10)?
28
Let v(p) = p**3 - 24*p**2 - 2*p + 27. Give v(24).
-21
Let n(y) = -y**2 - 13*y - 23. Calculate n(-12).
-11
Let j(z) = -34*z**2 + z. Give j(-1).
-35
Let p(k) = 7*k - 137. Calculate p(20).
3
Let d(o) = -2*o - 21. What is d(-12)?
3
Let v(f) = -f**2 - 7*f + 5. Determine v(-7).
5
Let t(b) = 6*b + 73. Calculate t(-11).
7
Let s(c) = -4*c + 51. Give s(12).
3
Let t(m) = m + 5. Give t(-1).
4
Let h(g) = -3*g - 7. Give h(-11).
26
Let u(m) = -m**3 + 17*m**2 - 16*m + 3. Calculate u(16).
3
Let r(n) = -7*n**2 + 5*n - 9. Calculate r(2).
-27
Let r(f) = -f**3 + 16*f**2 + 18*f + 10. Give r(17).
27
Let y(s) = 31*s + 245. Calculate y(-8).
-3
Let r(v) = 2*v**2 - v. What is r(3)?
15
Let z(q) = -3*q**2 + 10*q - 9. Determine z(6).
-57
Let z(g) = g**2 + 13*g + 4. What is z(-13)?
4
Let u(l) = 77*l**3 + l**2. Calculate u(1).
78
Let k(h) = -h**3 + 7*h**2 - 16*h + 52. Calculate k(6).
-8
Let y(a) = a**3 - 4*a**2 + 2*a + 5. Calculate y(4).
13
Let i(z) = z**3 + 4*z**2 - 9*z + 4. Calculate i(-6).
-14
Let w(v) = -7*v + 4. What is w(-3)?
25
Let u(l) = -l**3 - 4*l**2 - 10*l - 10. Give u(-3).
11
Let s(n) = 14*n**2 + n + 2. What is s(-2)?
56
Let t(x) = -5*x**2 + 2*x + 3. Determine t(3).
-36
Let r(a) = a**3 + 6*a**2 - 6*a - 20. Give r(-2).
8
Let n(w) = 2*w**3 - 3*w - 4. Give n(-2).
-14
Let q(r) = r**3 - 15*r**2 + 11*r + 15. Calculate q(14).
-27
Let t(k) = -k**3 + 7*k**2 - 6*k - 3. Determine t(7).
-45
Let i(a) = a + 2. Give i(3).
5
Let n(d) = 2*d + 12. Give n(-13).
-14
Let q(a) = a**2 + 7*a + 15. Calculate q(-3).
3
Let o(u) = -u**3 - 6*u**2 - 25*u - 163. What is o(-6)?
-13
Let f(l) = l - 19. Calculate f(20).
1
Let y(l) = l**3 - 21*l**2 + 21*l - 11. Give y(20).
9
Let c(a) = -a**2 - 29*a - 203. Give c(-12).
1
Let g(b) = -b**3 - 21. Determine g(0).
-21
Let o(f) = -2*f**2 + 11*f - 33. Determine o(6).
-39
Let s(k) = -k**2 + 14*k - 6. Determine s(12).
18
Let d(a) = -a**2 + a + 26. Give d(6).
-4
Let u(o) = 2*o**3 - 4*o**2 - 6*o + 10. Give u(4).
50
Let p(m) = 4*m + 6. Calculate p(-9).
-30
Let d(f) = -5*f - 40. What is d(-8)?
0
Let o(t) = 7*t - 6. Give o(-6).
-48
Let j(m) = m**2 - 5*m + 5. Give j(6).
11
Let c(r) = -2*r**3 - 2*r**2 - 5*r - 4. Give c(-3).
47
Let b(y) = -16*y - 140. What is b(-9)?
4
Let n(y) = 48*y**3 + y**2 - 2*y - 1. What is n(-1)?
-46
Let d(q) = 2*q**2 - 12*q + 11. Determine d(2).
-5
Let u(c) = c**2 + 2*c - 11. What is u(-4)?
-3
Let u(h) = 2*h**2 - 10*h + 12. Calculate u(6).
24
Let d(p) = -p**2 - 10*p + 2. Determine d(-7).
23
Let p(t) = -t**2 - 10*t - 1. Calculate p(-5).
24
Let q(g) = g**3 + 31*g**2 - 31*g + 19. Determine q(-32).
-13
Let f(u) = 22*u. Determine f(-3).
-66
Let m(j) = -8*j + 1. Give m(4).
-31
Let m(g) = g**2 - 5*g + 1. What is m(4)?
-3
Let q(c) = -c**3 + 14*c**2 - 36*c - 22. Calculate q(10).
18
Let c(k) = k**2 + 19*k + 31. What is c(-17)?
-3
Let d(g) = g**2 - 2*g + 6. Calculate d(5).
21
Let p(l) = -2*l**2 - 7*l + 7. Determine p(-5).
-8
Let y(r) = -r + 20. Calculate y(14).
6
Let s(i) = 27*i - 1101. Calculate s(41).
6
Let m(p) = 5*p + 8. Calculate m(-6).
-22
Let h(w) = 7*w + 6. What is h(-9)?
-57
Let f(n) = 47*n + 464. Calculate f(-10).
-6
Let i(c) = -c**2 - 6*c + 9. Calculate i(-7).
2
Let p(v) = v**2 + 4*v - 12. Give p(-8).
20
Let n(y) = -y**2 + 4*y. What is n(-4)?
-32
Let a(u) = -5*u - 2. Give a(4).
-22
Let z(l) = -5*l - 20. Give z(-6).
10
Let u(v) = -2*v**3 + 2*v**2 - v + 1. Determine u(3).
-38
Let u(y) = y - 7. Determine u(-6).
-13
Let y(m) = m**2 + 8*m + 4. Determine y(-6).
-8
Let d(m) = -m**3 - 11*m**2 - 37*m - 37. Calculate d(-6).
5
Let m(u) = 2*u**2 - 3*u - 1. Give m(-1).
4
Let s(a) = a**2 - 20*a - 178. Calculate s(27).
11
Let j(s) = s**3 + 10*s**2 + 6*s + 66. Give j(-10).
6
Let p(a) = 2*a**2 + 8*a - 4. Determine p(-5).
6
Let d(x) = -2*x**2 - 10*x + 70. Give d(-11).
-62
Let o(r) = r**3 + 7*r**2 - 16*r + 10. Calculate o(-9).
-8
Let i(y) = -12*y + 6. Calculate i(1).
-6
Let l(j) = -j**3 + 10*j**2 - 3. What is l(10)?
-3
Let g(d) = 12*d + 1. What is g(1)?
13
Let l(i) = 11*i - 10. What is l(5)?
45
Let v(y) = -6*y + 48. Calculate v(8).
0
Let q(y) = y**3 + 5*y**2 - 3*y - 2. Calculate q(-4).
26
Let p(l) = -2*l**2 + 10*l + 15. Give p(7).
-13
Let y(q) = -q**3 - 14*q**2 - 14*q + 9. What is y(-13)?
22
Let v(o) = -2*o**3 + 3*o**2 + o - 2. Give v(2).
-4
Let y(d) = -35*d + 91. Give y(5).
-84
Let s(z) = 33*z + 3. Give s(2).
69
Let m(r) = 10*r - 70. Determine m(7).
0
Let a(g) = -g - 2. What is a(-11)?
9
Let l(r) = 2*r**2 + 2*r - 7. Calculate l(2).
5
Let s(z) = -95*z**2 + 5*z + 6. Calculate s(-1).
-94
Let z(u) = u**3 - 12*u**2 - 10*u - 32. Give z(13).
7
Let k(i) = -i**2 - 6*i - 13. Calculate k(-4).
-5
Let b(w) = 3*w**3 + 6*w**2 - 8*w - 5. Determine b(-4).
-69
Let f(b) = b**3 + b**2 - 37*b - 25. Determine f(6).
5
Let f(v) = -4*v + 60. Calculate f(17).
-8
Let w(n) = -n**3 + 7*n**2 - n - 3. Determine w(7).
-10
Let v(s) = -s**2 + 12*s - 6. Determine v(12).
-6
Let r(b) = -17*b - 24. What is r(-6)?
78
Let u(g) = 4*g + 39. Determine u(-19).
-37
Let g(y) = -y**3 - 9*y**2 - 6*y + 8. Determine g(-8).
-8
Let u(r) = r - 13. What is u(12)?
-1
Let t(p) = -p**2 + 7*p - 7. Determine t(6).
-1
Let d(c) = 3*c - 13. What is d(-5)?
-28
Let q(v) = -32*v - 389. What is q(-12)?
-5
Let r(v) = v**3 + 8*v**2 + 8*v - 29. Determine r(-6).
-5
Let t(w) = -w**3 - 11*w**2 - w - 5. Calculate t(-11).
6
Let n(l) = -l**3 + 64. Calculate n(0).
64
Let k(v) = v**2 - 16*v + 27. Determine k(15).
12
Let j(z) = z**2 + 6*z - 7. Give j(1).
0
Let j(x) = -x**3 + 22*x**2 - 17*x - 84. Calculate j(21).
0
Let j(k) = -k**3 + 2*k**2 + 5*k + 5. Give j(-2).
11
Let d(a) = -a**2 + 14*a - 42. Give d(13).
-29
Let x(q) = 2*q**2 - 41*q + 261. What is x(10)?
51
Let k(r) = -89*r - 261. What is k(-3)?
6
Let